{"id":2641,"date":"2024-07-14T21:25:37","date_gmt":"2024-07-14T19:25:37","guid":{"rendered":"https:\/\/rbbertomeu.es\/newmarkets\/?post_type=product&#038;p=2641"},"modified":"2026-03-25T20:51:01","modified_gmt":"2026-03-25T18:51:01","slug":"aditivo-para-tratar-16-600-litros-de-diesel-1-garrafa-com-1-000-ml-1l-dupla-boca-e-deposito-dosador","status":"publish","type":"product","link":"https:\/\/rbbertomeu.es\/newmarkets\/pt\/tienda\/aditivo-para-tratar-16-600-litros-de-diesel-1-garrafa-com-1-000-ml-1l-dupla-boca-e-deposito-dosador\/","title":{"rendered":"Aditivo Diesel \u00abrb bertomeu\u00bb beco F-Plus Concentrado<br>1 garrafa com 1L, dupla boca e dep\u00f3sito dosador"},"content":{"rendered":"<p>[et_pb_section fb_built=\u00bb1&#8243; _builder_version=\u00bb4.16&#8243; custom_padding=\u00bb0px||||false|false\u00bb collapsed=\u00bboff\u00bb global_colors_info=\u00bb{}\u00bb][et_pb_row _builder_version=\u00bb4.16&#8243; background_size=\u00bbinitial\u00bb background_position=\u00bbtop_left\u00bb background_repeat=\u00bbrepeat\u00bb width=\u00bb100%\u00bb custom_padding=\u00bb0px||0px||false|false\u00bb global_colors_info=\u00bb{}\u00bb][et_pb_column type=\u00bb4_4&#8243; _builder_version=\u00bb4.16&#8243; custom_padding=\u00bb|||\u00bb global_colors_info=\u00bb{}\u00bb custom_padding__hover=\u00bb|||\u00bb][et_pb_wc_breadcrumb _builder_version=\u00bb4.16&#8243; global_colors_info=\u00bb{}\u00bb][\/et_pb_wc_breadcrumb][et_pb_wc_cart_notice _builder_version=\u00bb4.16&#8243; global_colors_info=\u00bb{}\u00bb][\/et_pb_wc_cart_notice][\/et_pb_column][\/et_pb_row][et_pb_row column_structure=\u00bb1_2,1_2&#8243; _builder_version=\u00bb4.16&#8243; background_size=\u00bbinitial\u00bb background_position=\u00bbtop_left\u00bb background_repeat=\u00bbrepeat\u00bb width=\u00bb100%\u00bb custom_padding=\u00bb0px||||false|false\u00bb global_colors_info=\u00bb{}\u00bb][et_pb_column type=\u00bb1_2&#8243; _builder_version=\u00bb4.16&#8243; custom_padding=\u00bb|||\u00bb global_colors_info=\u00bb{}\u00bb custom_padding__hover=\u00bb|||\u00bb][et_pb_wc_images show_sale_badge=\u00bboff\u00bb _builder_version=\u00bb4.27.2&#8243; custom_margin=\u00bb20px||||false|false\u00bb global_colors_info=\u00bb{}\u00bb][\/et_pb_wc_images][et_pb_text disabled_on=\u00bbon|on|on\u00bb _builder_version=\u00bb4.16&#8243; _module_preset=\u00bbdefault\u00bb disabled=\u00bbon\u00bb global_colors_info=\u00bb{}\u00bb]<strong>GALERIA<\/strong><br \/>\n[\/et_pb_text][et_pb_gallery gallery_ids=\u00bb459&#8243; show_pagination=\u00bboff\u00bb hover_icon=\u00bb&#x54;||divi||400&#8243; disabled_on=\u00bbon|on|on\u00bb _builder_version=\u00bb4.16&#8243; _module_preset=\u00bbdefault\u00bb title_text_align=\u00bbcenter\u00bb title_text_color=\u00bb#0C71C3&#8243; title_font_size=\u00bb14px\u00bb caption_font=\u00bb|||||||#0C71C3|\u00bb caption_text_align=\u00bbcenter\u00bb caption_text_color=\u00bb#0e12f4&#8243; caption_font_size=\u00bb14px\u00bb pagination_text_color=\u00bb#EDF000&#8243; text_orientation=\u00bbcenter\u00bb border_width_all=\u00bb2px\u00bb border_color_all=\u00bb#0C71C3&#8243; disabled=\u00bbon\u00bb global_colors_info=\u00bb{}\u00bb][\/et_pb_gallery][et_pb_button button_url=\u00bbhttps:\/\/www.rbbertomeu.es\/htmlpt\/produtos\/etiqueta_5L_front.htm\u00bb url_new_window=\u00bbon\u00bb button_text=\u00bbEtiqueta frontal do produto com liga\u00e7\u00f5es QR informatives\u00bb _builder_version=\u00bb4.27.2&#8243; _module_preset=\u00bbdefault\u00bb custom_button=\u00bbon\u00bb button_bg_color=\u00bb#0C71C3&#8243; button_use_icon=\u00bboff\u00bb background_layout=\u00bbdark\u00bb locked=\u00bboff\u00bb global_colors_info=\u00bb{}\u00bb][\/et_pb_button][et_pb_button button_url=\u00bbhttps:\/\/www.rbbertomeu.es\/htmlpt\/produtos\/etiqueta_5L_back.htm\u00bb url_new_window=\u00bbon\u00bb button_text=\u00bbEtiqueta traseira do produto com liga\u00e7\u00f5es QR informativas\u00bb _builder_version=\u00bb4.27.2&#8243; _module_preset=\u00bbdefault\u00bb custom_button=\u00bbon\u00bb button_bg_color=\u00bb#0C71C3&#8243; button_use_icon=\u00bboff\u00bb background_layout=\u00bbdark\u00bb locked=\u00bboff\u00bb global_colors_info=\u00bb{}\u00bb][\/et_pb_button][\/et_pb_column][et_pb_column type=\u00bb1_2&#8243; _builder_version=\u00bb4.16&#8243; custom_padding=\u00bb|||\u00bb global_colors_info=\u00bb{}\u00bb custom_padding__hover=\u00bb|||\u00bb][et_pb_wc_title _builder_version=\u00bb4.27.2&#8243; header_font=\u00bb|700|||||||\u00bb header_text_color=\u00bb#0C71C3&#8243; header_font_size=\u00bb29px\u00bb global_colors_info=\u00bb{}\u00bb][\/et_pb_wc_title][et_pb_wc_rating _builder_version=\u00bb4.16&#8243; global_colors_info=\u00bb{}\u00bb][\/et_pb_wc_rating][et_pb_text disabled_on=\u00bbon|on|on\u00bb _builder_version=\u00bb4.27.2&#8243; _module_preset=\u00bbdefault\u00bb text_text_color=\u00bb#0c71c3&#8243; text_font_size=\u00bb16px\u00bb disabled=\u00bbon\u00bb locked=\u00bboff\u00bb global_colors_info=\u00bb{}\u00bb]<\/p>\n<p><strong>IVA inclu\u00eddo para vendas dentro da Uni\u00e3o Europeia.<\/strong><\/p>\n<p><strong>Para vendas para pa\u00edses do resto do mundo, deduza o IVA (21%) ao valor apresentado.<\/strong><\/p>\n<p>[\/et_pb_text][et_pb_wc_price _builder_version=\u00bb4.27.2&#8243; body_font=\u00bb|700|||||||\u00bb body_text_color=\u00bb#0C71C3&#8243; body_font_size=\u00bb35px\u00bb global_colors_info=\u00bb{}\u00bb][\/et_pb_wc_price][et_pb_text disabled_on=\u00bbon|on|on\u00bb _builder_version=\u00bb4.27.2&#8243; _module_preset=\u00bbdefault\u00bb text_font_size=\u00bb16px\u00bb disabled=\u00bbon\u00bb locked=\u00bboff\u00bb global_colors_info=\u00bb{}\u00bb]<\/p>\n<p><strong>IVA e transportes inclu\u00eddos para os fornecimentos na Uni\u00e3o Europeia, exceto as regi\u00f5es ultraperif\u00e9ricas e os territ\u00f3rios ultramarinos.<\/strong><\/p>\n<p>Para regi\u00f5es excetuadas, territ\u00f3rios ultramarinos e todos os outros pa\u00edses do mundo, podemos enviar-lhe uma oferta com o custo aditivo mais o custo de transporte <forte>sem IVA.<\/strong>[\/et_pb_text][et_pb_wc_description description_type=\u00bbdescription\u00bb _builder_version=\u00bb4.27.2&#8243; global_colors_info=\u00bb{}\u00bb][\/et_pb_wc_description][et_pb_button button_url=\u00bbhttps:\/\/www.rbbertomeu.es\/htmlpt\/produtos\/FolletoTyC\/beco%20F-Plus%20Concentrado.pdf\u00bb url_new_window=\u00bbon\u00bb button_text=\u00bbFicha de dados t\u00e9cnicos e Guia de dosagem\u00bb _builder_version=\u00bb4.27.2&#8243; _module_preset=\u00bbdefault\u00bb custom_button=\u00bbon\u00bb button_bg_color=\u00bb#0C71C3&#8243; button_use_icon=\u00bboff\u00bb background_layout=\u00bbdark\u00bb locked=\u00bboff\u00bb global_colors_info=\u00bb{}\u00bb][\/et_pb_button][et_pb_wc_add_to_cart _builder_version=\u00bb4.16&#8243; global_colors_info=\u00bb{}\u00bb][\/et_pb_wc_add_to_cart][et_pb_wc_meta _builder_version=\u00bb4.16&#8243; global_colors_info=\u00bb{}\u00bb][\/et_pb_wc_meta][\/et_pb_column][\/et_pb_row][et_pb_row _builder_version=\u00bb4.16&#8243; background_size=\u00bbinitial\u00bb background_position=\u00bbtop_left\u00bb background_repeat=\u00bbrepeat\u00bb width=\u00bb100%\u00bb locked=\u00bboff\u00bb global_colors_info=\u00bb{}\u00bb][et_pb_column type=\u00bb4_4&#8243; _builder_version=\u00bb4.16&#8243; custom_padding=\u00bb|||\u00bb global_colors_info=\u00bb{}\u00bb custom_padding__hover=\u00bb|||\u00bb][et_pb_wc_tabs include_tabs=\u00bbdescription|additional_information|\u00bb disabled_on=\u00bbon|on|on\u00bb _builder_version=\u00bb4.16&#8243; disabled=\u00bbon\u00bb global_colors_info=\u00bb{}\u00bb] [\/et_pb_wc_tabs][et_pb_wc_upsells _builder_version=\u00bb4.16&#8243; global_colors_info=\u00bb{}\u00bb][\/et_pb_wc_upsells][et_pb_wc_related_products posts_number=\u00bb6&#8243; orderby=\u00bbmenu_order\u00bb _builder_version=\u00bb4.27.2&#8243; title_font=\u00bbOswald||||||||\u00bb title_text_color=\u00bb#137013&#8243; title_font_size=\u00bb35px\u00bb product_title_font=\u00bbOswald||||||||\u00bb product_title_text_align=\u00bbcenter\u00bb product_title_text_color=\u00bb#E02B20&#8243; product_title_font_size=\u00bb20px\u00bb price_font=\u00bbOswald||||||||\u00bb price_text_align=\u00bbcenter\u00bb price_text_color=\u00bb#0C71C3&#8243; price_font_size=\u00bb25px\u00bb sale_badge_text_color=\u00bb#0C71C3&#8243; text_orientation=\u00bbleft\u00bb custom_margin=\u00bb50px||||false|false\u00bb global_colors_info=\u00bb{}\u00bb][\/et_pb_wc_related_products][\/et_pb_column][\/et_pb_row][\/et_pb_section]<\/p>\n","protected":false},"excerpt":{"rendered":"<p>GALERIA IVA inclu\u00eddo para vendas dentro da Uni\u00e3o Europeia. Para vendas para pa\u00edses do resto do mundo, deduza o IVA (21%) ao valor apresentado.IVA e transportes inclu\u00eddos para os fornecimentos na Uni\u00e3o Europeia, exceto as regi\u00f5es ultraperif\u00e9ricas e os territ\u00f3rios ultramarinos. Para regi\u00f5es excetuadas, territ\u00f3rios ultramarinos e todos os outros pa\u00edses do mundo, podemos enviar-lhe [&hellip;]<\/p>\n","protected":false},"featured_media":3953,"template":"","meta":{"_et_pb_use_builder":"on","_et_pb_old_content":"<h3><span style=\"color: #0c71c3\"><strong>Aditivo Concentrado<\/strong> 1 litro \u00e9 suficiente para tratar 16.600 litros de Diesel (LSD)!<\/span><\/h3>\r\n\r\n<strong><span style=\"color: #ff0000;text-align: center;font-size: 30px\"><u>Oferta de Ver\u00e3o!<\/u><\/span>\r\n<span style=\"color: #0c71c3;text-align: center;font-size: 30px\">Poupe 6,00 \u20ac<\/span><\/strong>\r\n\r\n<span style=\"color: #000000;text-align: left;font-size: 18px\">Material de fabrico do recipiente:<\/span>\r\n<ul>\r\n<li>Garrafa de duplo gargalo: PE<\/li>\r\n<\/ul>","_et_gb_content_width":""},"product_brand":[],"product_cat":[125],"product_tag":[],"class_list":{"0":"post-2641","1":"product","2":"type-product","3":"status-publish","4":"has-post-thumbnail","6":"product_cat-aditivos-pt","8":"first","9":"instock","10":"taxable","11":"shipping-taxable","12":"purchasable","13":"product-type-simple"},"_links":{"self":[{"href":"https:\/\/rbbertomeu.es\/newmarkets\/wp-json\/wp\/v2\/product\/2641","targetHints":{"allow":["GET"]}}],"collection":[{"href":"https:\/\/rbbertomeu.es\/newmarkets\/wp-json\/wp\/v2\/product"}],"about":[{"href":"https:\/\/rbbertomeu.es\/newmarkets\/wp-json\/wp\/v2\/types\/product"}],"wp:featuredmedia":[{"embeddable":true,"href":"https:\/\/rbbertomeu.es\/newmarkets\/wp-json\/wp\/v2\/media\/3953"}],"wp:attachment":[{"href":"https:\/\/rbbertomeu.es\/newmarkets\/wp-json\/wp\/v2\/media?parent=2641"}],"wp:term":[{"taxonomy":"product_brand","embeddable":true,"href":"https:\/\/rbbertomeu.es\/newmarkets\/wp-json\/wp\/v2\/product_brand?post=2641"},{"taxonomy":"product_cat","embeddable":true,"href":"https:\/\/rbbertomeu.es\/newmarkets\/wp-json\/wp\/v2\/product_cat?post=2641"},{"taxonomy":"product_tag","embeddable":true,"href":"https:\/\/rbbertomeu.es\/newmarkets\/wp-json\/wp\/v2\/product_tag?post=2641"}],"curies":[{"name":"wp","href":"https:\/\/api.w.org\/{rel}","templated":true}]}}

Aditivo Diesel «rb bertomeu» beco F-Plus Concentrado<br>1 garrafa com 1L, dupla boca e depósito dosador

<p>[et_pb_section fb_built=»1&#8243; _builder_version=»4.16&#8243; custom_padding=»0px||||false|false» collapsed=»off» global_colors_info=»{}»][et_pb_row _builder_version=»4.16&#8243; background_size=»initial» background_position=»top_left» background_repeat=»repeat» width=»100%» custom_padding=»0px||0px||false|false» global_colors_info=»{}»][et_pb_column type=»4_4&#8243; _builder_version=»4.16&#8243; custom_padding=»|||» global_colors_info=»{}» custom_padding__hover=»|||»][et_pb_wc_breadcrumb _builder_version=»4.16&#8243; global_colors_info=»{}»][/et_pb_wc_breadcrumb][et_pb_wc_cart_notice _builder_version=»4.16&#8243; global_colors_info=»{}»][/et_pb_wc_cart_notice][/et_pb_column][/et_pb_row][et_pb_row column_structure=»1_2,1_2&#8243; _builder_version=»4.16&#8243; background_size=»initial» background_position=»top_left» background_repeat=»repeat» width=»100%» custom_padding=»0px||||false|false» global_colors_info=»{}»][et_pb_column type=»1_2&#8243; _builder_version=»4.16&#8243; custom_padding=»|||» global_colors_info=»{}» custom_padding__hover=»|||»][et_pb_wc_images show_sale_badge=»off» _builder_version=»4.27.2&#8243; custom_margin=»20px||||false|false» global_colors_info=»{}»][/et_pb_wc_images][et_pb_text disabled_on=»on|on|on» _builder_version=»4.16&#8243; _module_preset=»default» disabled=»on» global_colors_info=»{}»]<strong>GALERIA</strong><br />
[/et_pb_text][et_pb_gallery gallery_ids=»459&#8243; show_pagination=»off» hover_icon=»&#x54;||divi||400&#8243; disabled_on=»on|on|on» _builder_version=»4.16&#8243; _module_preset=»default» title_text_align=»center» title_text_color=»#0C71C3&#8243; title_font_size=»14px» caption_font=»|||||||#0C71C3|» caption_text_align=»center» caption_text_color=»#0e12f4&#8243; caption_font_size=»14px» pagination_text_color=»#EDF000&#8243; text_orientation=»center» border_width_all=»2px» border_color_all=»#0C71C3&#8243; disabled=»on» global_colors_info=»{}»][/et_pb_gallery][et_pb_button button_url=»https://www.rbbertomeu.es/htmlpt/produtos/etiqueta_5L_front.htm» url_new_window=»on» button_text=»Etiqueta frontal do produto com ligações QR informatives» _builder_version=»4.27.2&#8243; _module_preset=»default» custom_button=»on» button_bg_color=»#0C71C3&#8243; button_use_icon=»off» background_layout=»dark» locked=»off» global_colors_info=»{}»][/et_pb_button][et_pb_button button_url=»https://www.rbbertomeu.es/htmlpt/produtos/etiqueta_5L_back.htm» url_new_window=»on» button_text=»Etiqueta traseira do produto com ligações QR informativas» _builder_version=»4.27.2&#8243; _module_preset=»default» custom_button=»on» button_bg_color=»#0C71C3&#8243; button_use_icon=»off» background_layout=»dark» locked=»off» global_colors_info=»{}»][/et_pb_button][/et_pb_column][et_pb_column type=»1_2&#8243; _builder_version=»4.16&#8243; custom_padding=»|||» global_colors_info=»{}» custom_padding__hover=»|||»][et_pb_wc_title _builder_version=»4.27.2&#8243; header_font=»|700|||||||» header_text_color=»#0C71C3&#8243; header_font_size=»29px» global_colors_info=»{}»][/et_pb_wc_title][et_pb_wc_rating _builder_version=»4.16&#8243; global_colors_info=»{}»][/et_pb_wc_rating][et_pb_text disabled_on=»on|on|on» _builder_version=»4.27.2&#8243; _module_preset=»default» text_text_color=»#0c71c3&#8243; text_font_size=»16px» disabled=»on» locked=»off» global_colors_info=»{}»]</p>
<p><strong>IVA incluído para vendas dentro da União Europeia.</strong></p>
<p><strong>Para vendas para países do resto do mundo, deduza o IVA (21%) ao valor apresentado.</strong></p>
<p>[/et_pb_text][et_pb_wc_price _builder_version=»4.27.2&#8243; body_font=»|700|||||||» body_text_color=»#0C71C3&#8243; body_font_size=»35px» global_colors_info=»{}»][/et_pb_wc_price][et_pb_text disabled_on=»on|on|on» _builder_version=»4.27.2&#8243; _module_preset=»default» text_font_size=»16px» disabled=»on» locked=»off» global_colors_info=»{}»]</p>
<p><strong>IVA e transportes incluídos para os fornecimentos na União Europeia, exceto as regiões ultraperiféricas e os territórios ultramarinos.</strong></p>
<p>Para regiões excetuadas, territórios ultramarinos e todos os outros países do mundo, podemos enviar-lhe uma oferta com o custo aditivo mais o custo de transporte <forte>sem IVA.</strong>[/et_pb_text][et_pb_wc_description description_type=»description» _builder_version=»4.27.2&#8243; global_colors_info=»{}»][/et_pb_wc_description][et_pb_button button_url=»https://www.rbbertomeu.es/htmlpt/produtos/FolletoTyC/beco%20F-Plus%20Concentrado.pdf» url_new_window=»on» button_text=»Ficha de dados técnicos e Guia de dosagem» _builder_version=»4.27.2&#8243; _module_preset=»default» custom_button=»on» button_bg_color=»#0C71C3&#8243; button_use_icon=»off» background_layout=»dark» locked=»off» global_colors_info=»{}»][/et_pb_button][et_pb_wc_add_to_cart _builder_version=»4.16&#8243; global_colors_info=»{}»][/et_pb_wc_add_to_cart][et_pb_wc_meta _builder_version=»4.16&#8243; global_colors_info=»{}»][/et_pb_wc_meta][/et_pb_column][/et_pb_row][et_pb_row _builder_version=»4.16&#8243; background_size=»initial» background_position=»top_left» background_repeat=»repeat» width=»100%» locked=»off» global_colors_info=»{}»][et_pb_column type=»4_4&#8243; _builder_version=»4.16&#8243; custom_padding=»|||» global_colors_info=»{}» custom_padding__hover=»|||»][et_pb_wc_tabs include_tabs=»description|additional_information|» disabled_on=»on|on|on» _builder_version=»4.16&#8243; disabled=»on» global_colors_info=»{}»] [/et_pb_wc_tabs][et_pb_wc_upsells _builder_version=»4.16&#8243; global_colors_info=»{}»][/et_pb_wc_upsells][et_pb_wc_related_products posts_number=»6&#8243; orderby=»menu_order» _builder_version=»4.27.2&#8243; title_font=»Oswald||||||||» title_text_color=»#137013&#8243; title_font_size=»35px» product_title_font=»Oswald||||||||» product_title_text_align=»center» product_title_text_color=»#E02B20&#8243; product_title_font_size=»20px» price_font=»Oswald||||||||» price_text_align=»center» price_text_color=»#0C71C3&#8243; price_font_size=»25px» sale_badge_text_color=»#0C71C3&#8243; text_orientation=»left» custom_margin=»50px||||false|false» global_colors_info=»{}»][/et_pb_wc_related_products][/et_pb_column][/et_pb_row][/et_pb_section]</p>

<p>GALERIA IVA incluído para vendas dentro da União Europeia. Para vendas para países do resto do mundo, deduza o IVA (21%) ao valor apresentado.IVA e transportes incluídos para os fornecimentos na União Europeia, exceto as regiões ultraperiféricas e os territórios ultramarinos. Para regiões excetuadas, territórios ultramarinos e todos os outros países do mundo, podemos enviar-lhe [&hellip;]</p>

<h3><span style="color: #0c71c3"><strong>Aditivo Concentrado</strong> 1 litro é suficiente para tratar 16.600 litros de Diesel (LSD)!</span></h3>

<strong><span style="color: #ff0000;text-align: center;font-size: 30px"><u>Oferta de Verão!</u></span>
<span style="color: #0c71c3;text-align: center;font-size: 30px">Poupe 6,00 €</span></strong>

<span style="color: #000000;text-align: left;font-size: 18px">Material de fabrico do recipiente:</span>
<ul>
<li>Garrafa de duplo gargalo: PE</li>
</ul>
