{"id":249,"date":"2021-07-28T12:38:12","date_gmt":"2021-07-28T10:38:12","guid":{"rendered":"https:\/\/rbbertomeu.es\/newmarkets\/?page_id=249"},"modified":"2025-01-09T18:45:13","modified_gmt":"2025-01-09T16:45:13","slug":"condiciones-de-venta","status":"publish","type":"page","link":"https:\/\/rbbertomeu.es\/newmarkets\/condiciones-de-venta\/","title":{"rendered":"Condiciones de Venta"},"content":{"rendered":"<p>Condiciones generales de venta<\/p>\n<p>Para cualquier duda, reclamaci\u00f3n o sugerencia, puede contactar con nuestra oficina de Atenci\u00f3n al Cliente a trav\u00e9s del correo electr\u00f3nico <a href=\"newmarkets@rbbertomeu.com\">newmarkets@rbbertomeu.com<\/a><br \/>\nCondiciones generales de la venta<br \/>\nEn cumplimiento de lo establecido por el art\u00edculo 10 de la Ley 34\/2002, de 11 de julio, de servicios de la sociedad de la informaci\u00f3n y de comercio electr\u00f3nico, a continuaci\u00f3n, se ofrece la informaci\u00f3n general del Sitio Web <a href=\"http:\/\/www.rbbertomeu.es\">www.rbbertomeu.es<\/a><\/p>\n<p><strong>Titular<\/strong>: RB BERTOMEU, S.L. (en adelante RB BERTOMEU)<br \/>\n<strong>Domicilio social<\/strong>: Pol\u00edgono Industrial \u201cFondo de Llitera\u201d. C\/Ramaders, Parcela 82-83. \u00a0\u00a022520 Fraga (Huesca) ESPA\u00d1A<br \/>\n<strong>C.I.F<\/strong>.: B25353863<br \/>\n<strong>Correo electr\u00f3nico<\/strong>: newmarkets@rbbertomeu.com<br \/>\n<strong>Datos registrales<\/strong>: Inscrita en el Registro Mercantil de Lleida, tomo 379, folio 7, hoja n\u00famero L-7.081.<\/p>\n<h3>1.- Condiciones generales de venta<\/h3>\n<p>RB BERTOMEU se reserva, en todo momento, el derecho a modificar unilateralmente, sin aviso previo, y en cualquier momento, la presentaci\u00f3n y configuraci\u00f3n del Portal.<\/p>\n<p><strong>1.1 Las presentes Condiciones Generales han sido elaboradas de conformidad con lo establecido en la Ley 7\/1998 sobre Condiciones Generales de la contrataci\u00f3n<\/strong>, el Real Decreto 1906\/1999 por el que se regula la contrataci\u00f3n telef\u00f3nica o electr\u00f3nica con condiciones generales en desarrollo del art\u00edculo 5.3 de la Ley 7\/1998, la Ley 26\/1984 General para la Defensa de Consumidores y Usuarios, la Ley 7\/1996 de Ordenaci\u00f3n del Comercio Minorista, el Real Decreto-Ley 14\/1999 reguladora de la Firma Electr\u00f3nica y cuantas disposiciones legales resulten de aplicaci\u00f3n.<\/p>\n<p><strong>1.2 Por la utilizaci\u00f3n del Portal de RB BERTOMEU, Vd. adquiere la condici\u00f3n de Usuario<\/strong>. Tanto la visita como la utilizaci\u00f3n y\/o la adquisici\u00f3n de cualquiera de los productos del Portal, suponen la aceptaci\u00f3n como Usuario, sin reservas de ninguna clase, a todas y cada una de Condiciones Generales, as\u00ed como a las Condiciones Particulares que, en su caso, rijan la adquisici\u00f3n.<\/p>\n<p>1.3 RB BERTOMEU podr\u00e1, en todo momento y sin previo aviso, modificar las presentes Condiciones Generales, mediante la publicaci\u00f3n de dichas modificaciones en el Portal con el fin de que puedan ser conocidas por los Usuarios siempre antes de la visita al Portal o a la adquisici\u00f3n de cualesquiera bienes ofertados en el Portal.<\/p>\n<h3>2.- Productos ofrecidos. Sistema de compra<\/h3>\n<p><strong>2.1 Los productos ofertados en el Portal, junto con sus caracter\u00edsticas y precios aparecer\u00e1n en pantalla.<\/strong><\/p>\n<p>En caso de que los gastos de env\u00edo corran por cuenta del comprador, se indicar\u00e1 expresamente. En los casos en que los portes ya est\u00e1n incluidos en el precio de venta, tambi\u00e9n se indicar\u00e1 expresamente. Dichos productos estar\u00e1n disponibles para su venta hasta fin de existencias. Los precios indicados en pantalla son en euros\u00a0<span lang=\"ES\">e incluyen el IVA para destinos de la Uni\u00f3n Europea y los excluyen para el resto del mundo, <\/span>salvo error mecanogr\u00e1fico.<\/p>\n<p>Las ofertas estar\u00e1n debidamente indicadas en pantalla. RB BERTOMEU se reserva el derecho a decidir, en cada momento, los productos ofrecidos a trav\u00e9s del Portal. De este modo, RB BERTOMEU podr\u00e1 en cualquier momento a\u00f1adir nuevos productos a los incluidos en el Portal, entendi\u00e9ndose, salvo que se disponga otra cosa, que tales nuevos productos se regir\u00e1n por lo dispuesto en las Condiciones Generales en vigor en ese momento.<\/p>\n<p>Asimismo, RB BERTOMEU se reserva el derecho a dejar de facilitar el acceso, en cualquier momento y sin previo aviso, a cualquiera de los productos ofrecidos en el Portal.<\/p>\n<p><strong>2.2. Para la adquisici\u00f3n de los productos ofertados en el Portal, RB BERTOMEU solicitar\u00e1 a los Usuarios los datos de entrega, y de facturaci\u00f3n<\/strong>. Dichos datos incluir\u00e1n nombre, direcci\u00f3n completa, tel\u00e9fono de contacto, correo electr\u00f3nico y observaciones sobre la entrega, y quedar\u00e1n en poder de RB BERTOMEU pudiendo utilizarse para comunicar a los Usuarios que hayan realizado compras, ofertas y comunicados que RB BERTOMEU considere oportunos.\u00a0 El Usuario puede solicitar la baja del listado de comunicados el correo electr\u00f3nico newmarkets@rbbertomeu.com<\/p>\n<p><strong>2.3 Para poder realizar pedidos, los Usuarios de RB BERTOMEU han de tener como m\u00ednimo dieciocho (18) a\u00f1os<\/strong>. El proceso de compra se realizar\u00e1 mediante el sistema de compra electr\u00f3nica seg\u00fan las indicaciones de pantalla, a\u00f1adiendo el producto que desea en la Cesta de Compra, cumplimentando posteriormente el formulario de pedido suministrado y envi\u00e1ndolo a RB BERTOMEU, lo cual supone la lectura y aceptaci\u00f3n de todas las presentes Condiciones Generales, as\u00ed como en su caso las Condiciones Particulares existentes.<\/p>\n<p><strong>2.4 Una vez efectuada la compra y en el plazo m\u00e1s breve posible, siempre antes de que transcurran veinticuatro (24) horas laborables<\/strong> desde la ejecuci\u00f3n de la compra, el Departamento de Atenci\u00f3n al Cliente de RB BERTOMEU remitir\u00e1 al Usuario por correo electr\u00f3nico la confirmaci\u00f3n de pedido. La confirmaci\u00f3n de pedido remitida por RB BERTOMEU no tendr\u00e1 validez como factura ni como certificaci\u00f3n de tramitaci\u00f3n, s\u00f3lo como comprobante de la recepci\u00f3n correcta del mismo. En el caso de que RB BERTOMEU no pueda suministrar alguno de los productos solicitados, el departamento de Atenci\u00f3n al Cliente se pondr\u00e1 en contacto con el Usuario para tomar las medidas resolutorias que mejor convengan al Usuario.<\/p>\n<h3>3.- Forma de pago, entrega y desistimiento de los pedidos<\/h3>\n<p><strong>3.1 El pago del precio de los bienes comprados y de los gastos de env\u00edo<\/strong>, los cuales aparecer\u00e1n en pantalla, se podr\u00e1n realizar por transferencia bancaria o mediante tarjeta de cr\u00e9dito.<\/p>\n<p><strong>3.2<\/strong> <strong>RB BERTOMEU se obliga a entregar los bienes comprados por el Usuario, en el domicilio del comprador se\u00f1alado a tal efecto en el formulario de pedido (no se entregar\u00e1n productos en apartados de correos, ni locutorios).<\/strong><\/p>\n<p><strong>3.3. El Usuario-Comprador dispondr\u00e1 de un plazo de siete (7) d\u00edas h\u00e1biles para resolver la compraventa sin incurrir en penalizaci\u00f3n<\/strong>. Los gastos de env\u00edo y devoluci\u00f3n del producto correr\u00e1n por cuenta del Usuario, con excepci\u00f3n de que la causa de la resoluci\u00f3n sea la recepci\u00f3n de los productos en mal estado, rotos o deteriorados, en cuyo caso los gastos de recogida y de nuevo env\u00edo correr\u00e1n por cuenta de RB BERTOMEU.<\/p>\n<p><strong>No se aceptar\u00e1n devoluciones si el producto se ha abierto o se ha roto el precinto de garant\u00eda.<\/strong><\/p>\n<p>El plazo de siete d\u00edas establecido en el p\u00e1rrafo anterior se computar\u00e1 a partir de la recepci\u00f3n por el comprador de los bienes comprados.<\/p>\n<p>Las devoluciones de los pedidos deber\u00e1n comunicarse previamente al departamento de Atenci\u00f3n al Cliente al correo electr\u00f3nico newmarkets@rbbertomeu.com. Ejercitado por el comprador el derecho de resoluci\u00f3n, y una vez recibido los productos devueltos en las instalaciones de RB BERTOMEU, esta devolver\u00e1 las cantidades recibidas mediante abono, a excepci\u00f3n de los gastos de env\u00edo y devoluci\u00f3n si corresponde, inmediatamente y nunca en un plazo superior a diez (10) d\u00edas.<\/p>\n<h3>4.- Pol\u00edtica de protecci\u00f3n de datos de car\u00e1cter personal<\/h3>\n<p>4.1 A los efectos de lo dispuesto en el Reglamento General (UE) 2016\/679 del Parlamento Europeo y del Consejo de 27 de abril de 2016 relativo a la protecci\u00f3n de las personas f\u00edsicas en lo que respecta al tratamiento de datos personales y a la libre circulaci\u00f3n de estos datos as\u00ed como en la Ley Org\u00e1nica 3\/2018, de 5 de diciembre, de Protecci\u00f3n de Datos Personales y garant\u00eda de los derechos digitales, RB BERTOMEU informa al Usuario de la existencia de un fichero automatizado de datos de car\u00e1cter personal creado con los datos obtenidos en el Portal por y para RB BERTOMEU, y bajo su responsabilidad, con las finalidades de informaci\u00f3n y comercializaci\u00f3n de los productos ofrecidos en el Portal, as\u00ed como la realizaci\u00f3n de actividades promocionales y publicitarias que puedan ser de su inter\u00e9s, para ampliar y mejorar nuestros Productos adecuando nuestras ofertas a sus preferencias o necesidades y para permitir una navegaci\u00f3n personalizada.<\/p>\n<p><strong>4.2 El usuario acepta expresamente la inclusi\u00f3n de los datos recabados durante la navegaci\u00f3n por el Portal<\/strong>, o proporcionados mediante la cumplimentaci\u00f3n de cualquier formulario, as\u00ed como los derivados de la relaci\u00f3n comercial y\/o entrega de los productos comprados, en el fichero automatizado de datos de car\u00e1cter personal referido en el apartado primero. Durante el proceso de recogida de los datos, el Usuario ser\u00e1 informado del car\u00e1cter obligatorio o no de recogida de tales datos para la entrega de los Productos, excepto para la realizaci\u00f3n de pedidos en cuyo caso RB BERTOMEU informa desde este momento al Usuario que no se considerar\u00e1 de car\u00e1cter voluntario, por lo que ser\u00e1 necesario su inclusi\u00f3n para la formalizaci\u00f3n del pedido de compra, proporcionar los datos relativos a la identidad y domicilio, al ser estos datos necesarios para la formalizaci\u00f3n y conclusi\u00f3n de la venta.<\/p>\n<p><strong>4.3 El Usuario podr\u00e1 ejercitar<\/strong>, respecto de los datos recabados en la forma prevista en el apartado anterior, los derechos reconocidos en el Reglamento General (UE) 2016\/679 y en la Ley Org\u00e1nica 3\/2018, y en particular los derechos de acceso, rectificaci\u00f3n o cancelaci\u00f3n de datos, oposici\u00f3n, portabilidad, olvido o supresi\u00f3n y limitaci\u00f3n del tratamiento si resultase pertinente, as\u00ed como el de revocaci\u00f3n del consentimiento para la cesi\u00f3n de sus datos. Los derechos referidos en el p\u00e1rrafo anterior podr\u00e1n ser ejercitados por el Usuario, mediante solicitud escrita y firmada dirigida a la siguiente direcci\u00f3n: RB BERTOMEU, S.L., Pol. Ind Fondo de Llitera, C\/Ramaders, Parcela 82-83. 22520 Fraga (Huesca) Espa\u00f1a, o bien mediante el env\u00edo de un correo electr\u00f3nico a newmarkets@rbbertomeu.com<\/p>\n<p><strong>4.4 RB BERTOMEU se compromete, en la utilizaci\u00f3n de los datos, a respetar su confidencialidad y a utilizarlos de acuerdo con su finalidad<\/strong>, as\u00ed como a dar cumplimiento a su obligaci\u00f3n de guardarlos y a adoptar todas las medidas para evitar la alteraci\u00f3n, p\u00e9rdida, tratamiento o acceso no autorizado.<\/p>\n<h3>5.- Propiedad intelectual e industrial. Hiperenlaces<\/h3>\n<p><strong>5.1 Todos los contenidos que se muestran en el Portal y en especial, dise\u00f1os, textos, gr\u00e1ficos, logos, iconos, botones, software, nombres comerciales, marcas, dibujos industriales o cualesquiera otros signos<\/strong> susceptibles de utilizaci\u00f3n industrial y comercial est\u00e1n sujetos a derechos de propiedad intelectual e industrial de RB BERTOMEU, est\u00e1n registrados bajo licenciamiento <em>Creative Commons<\/em> o son de terceros titulares, que han autorizado debidamente su inclusi\u00f3n en el Portal.<\/p>\n<p><strong>5.2 En ning\u00fan caso se entender\u00e1 que se concede licencia alguna o se efect\u00faa renuncia, transmisi\u00f3n, cesi\u00f3n total o parcial de dichos derechos ni se confiere ning\u00fan derecho, y en especial, de alteraci\u00f3n<\/strong>, explotaci\u00f3n, reproducci\u00f3n, distribuci\u00f3n o comunicaci\u00f3n p\u00fablica sobre dichos contenidos sin la previa autorizaci\u00f3n expresa de RB BERTOMEU o de los titulares correspondientes.<\/p>\n<p><strong>5.3 RB BERTOMEU autoriza la reproducci\u00f3n parcial de sus contenidos en sitios webs de terceros bajo las siguientes condiciones:<\/strong><\/p>\n<p><strong>1\u00aa &#8211; La menci\u00f3n al contenido parcial ir\u00e1 acompa\u00f1ada siempre de un hiperenlace a la URL en donde se encuentre el contenido total y original mencionado, dentro del espacio web de RB BERTOMEU.<\/strong><\/p>\n<p><strong>2\u00aa &#8211; Junto a la reproducci\u00f3n parcial e hiperenlace, se se\u00f1alar\u00e1 la autor\u00eda de este, indic\u00e1ndose como RB BERTOMEU o www.rbbertomeu.es.<\/strong><\/p>\n<p><strong>3\u00aa &#8211; La utilizaci\u00f3n de estas reproducciones parciales NUNCA PODR\u00c1N SER UTILIZADAS PARA EL BENEFICIO COMERCIAL PROPIO sin la autorizaci\u00f3n expresa de RB BERTOMEU.<\/strong><\/p>\n<p><strong>RB BERTOMEU perseguir\u00e1 y actuar\u00e1 contra toda la reproducci\u00f3n de sus contenidos que no se atengan a estas condiciones, y para ello podr\u00e1 utilizar todos los medios electr\u00f3nicos y digitales que legalmente existan, tales como marcas de agua digitales o se\u00f1ales IP.<\/strong><\/p>\n<h3>6.- Responsabilidad de RB BERTOMEU<\/h3>\n<p><strong>6.1 RB BERTOMEU \u00fanicamente responder\u00e1 de los da\u00f1os que el Usuario pueda sufrir como consecuencia de la utilizaci\u00f3n del Portal cuando dichos da\u00f1os sean imputables a una actuaci\u00f3n dolosa de la misma<\/strong>. El Usuario reconoce y acepta que la utilizaci\u00f3n del Portal, as\u00ed como la adquisici\u00f3n de los productos se realiza bajo su entero riesgo y su entera responsabilidad.<\/p>\n<p><strong>6.2 RB BERTOMEU no se hace responsable de los perjuicios que se pudieran derivar de, con car\u00e1cter meramente enunciativo y no limitativo.<\/strong><\/p>\n<ul>\n<li>Inferencias, omisiones, interrupciones, virus inform\u00e1ticos, aver\u00edas y\/o desconexiones en el funcionamiento operativo de este sistema electr\u00f3nico o en los aparatos y equipos inform\u00e1ticos de los Usuarios, motivadas por causas ajenas a RB BERTOMEU, que impidan o retrasen la realizaci\u00f3n de los pedidos o la navegaci\u00f3n por el portal;<\/li>\n<li>Retrasos o bloqueos en el uso causados por deficiencias o sobrecargas de Internet o en otros sistemas electr\u00f3nicos;<\/li>\n<li>Que puedan ser causados por terceras personas mediante intromisiones ileg\u00edtimas fuera del control del Portal y que no sean atribuibles a RB BERTOMEU;<\/li>\n<li>De la imposibilidad de dar el Servicio o permitir el acceso por causas no imputables a RB BERTOMEU, debidas al Usuario, a terceros, o a supuestos de fuerza mayor.<\/li>\n<\/ul>\n<p><strong>6.3 RB BERTOMEU no controla, con car\u00e1cter general, la utilizaci\u00f3n que los Usuarios hacen del Servicio<\/strong>.<\/p>\n<p>En particular RB BERTOMEU no garantiza bajo ning\u00fan extremo que los Usuarios utilicen el Servicio de conformidad con la ley, las presentes Condiciones Generales, la moral y buenas costumbres generalmente aceptadas y el orden p\u00fablico, ni tampoco que lo hagan de forma diligente y prudente.<\/p>\n<h3>7.- Obligaciones del usuario<\/h3>\n<p><strong>7.1 Con car\u00e1cter general el Usuario se obliga al cumplimiento de las presentes Condiciones Generales<\/strong>, as\u00ed como a cumplir las especiales advertencias o instrucciones de uso contenidas en las mismas o en el Portal y obrar siempre conforme a la ley, a las buenas costumbres y a las exigencias de la buena fe, empleando la diligencia adecuada a la naturaleza del servicio del que disfruta, absteni\u00e9ndose de utilizar el Portal de cualquier forma que pueda impedir, da\u00f1ar o deteriorar el normal funcionamiento del mismo, los bienes o derechos de RB BERTOMEU, sus proveedores, el resto de Usuarios o en general de cualquier tercero.<\/p>\n<p>7.2 Concretamente, y sin que ello implique restricci\u00f3n alguna a la obligaci\u00f3n asumida por el Usuario con car\u00e1cter general de conformidad con el apartado anterior, el Usuario se obliga, en la utilizaci\u00f3n del Portal, as\u00ed como en la adquisici\u00f3n de los Productos a:<\/p>\n<ul>\n<li>En el caso de realizar compra, el Usuario se obliga a proporcionar verazmente los datos solicitados.<\/li>\n<li>No introducir, almacenar o difundir en o desde el Portal, cualquier informaci\u00f3n o material que fuera difamatorio, injurioso, obsceno, amenazador, xen\u00f3fobo, incite a la violencia a la discriminaci\u00f3n por raz\u00f3n de raza, sexo, ideolog\u00eda, religi\u00f3n o que de cualquier forma atente contra la forma, el orden p\u00fablico, los derechos fundamentales, las libertades p\u00fablicas, el honor, la intimidad o la imagen de terceros y en general la normativa vigente.<\/li>\n<li>No introducir, almacenar o difundir mediante el Portal ning\u00fan programa de ordenador, datos, virus, c\u00f3digo, equipo de hardware o de telecomunicaciones o cualquier otro instrumento o dispositivo electr\u00f3nico o f\u00edsico que sea susceptible de causar da\u00f1os en el Portal, en cualquiera de los Servicios, o en cualquiera de los equipos, sistemas o redes de RB BERTOMEU, de cualquier Usuario, de los proveedores de RB BERTOMEU o en general de cualquier tercero, o que de cualquier otra forma sea capaz de causarles cualquier tipo de alteraci\u00f3n o impedir el normal funcionamiento de los mismos.<\/li>\n<li>No realizar actividades publicitarias, promocionales o de explotaci\u00f3n comercial a trav\u00e9s del Portal, no utilizando los contenidos y en particular la informaci\u00f3n obtenida a trav\u00e9s del Portal para remitir publicidad, enviar mensajes con fines de venta directa o con cualquier otro fin comercial, ni para recoger o almacenar datos personales de terceros.<\/li>\n<li>No utilizar identidades falsas, ni suplantar la identidad de otros en la utilizaci\u00f3n del Portal o en la utilizaci\u00f3n o adquisici\u00f3n de cualquiera de los Productos, incluyendo la utilizaci\u00f3n en su caso de contrase\u00f1as o claves de acceso de terceros o de cualquier otra forma.<\/li>\n<li>No destruir, alterar, inutilizar o da\u00f1ar los datos, informaciones, programas o documentos electr\u00f3nicos de RB BERTOMEU, sus proveedores o terceros.<\/li>\n<li>No introducir, almacenar o difundir mediante el Portal cualquier contenido que infrinja derechos de propiedad intelectual, industrial o secretos empresariales de terceros, ni en general ning\u00fan contenido del cual no ostentara, de conformidad con la ley, el derecho a ponerlo a disposici\u00f3n de tercero.<\/li>\n<\/ul>\n<h3>8.- Comunicaciones<\/h3>\n<p><strong>A los efectos de las presentes Condiciones Generales, y para cualquier comunicaci\u00f3n que sea preciso entre RB BERTOMEU y el Usuario, \u00e9stos deber\u00e1n dirigirse al Servicio de Atenci\u00f3n al Cliente mediante correo electr\u00f3nico o direcci\u00f3n postal mencionados anteriormente.<\/strong><\/p>\n<p>Las comunicaciones de RB BERTOMEU al Usuario se realizar\u00e1n conforme a los datos aportados por \u00e9ste al registrarse en el Portal.<\/p>\n<h3>9.- Legislaci\u00f3n aplicable. Arbitraje<\/h3>\n<p><strong>9.1 El presente contrato se regir\u00e1 por la legislaci\u00f3n espa\u00f1ola<\/strong>, que ser\u00e1 de aplicaci\u00f3n en lo no dispuesto en este contrato en materia de interpretaci\u00f3n, validez y ejecuci\u00f3n.<\/p>\n<p><strong>9.2 En el caso de que se produzca cualquier tipo de discrepancia o reclamaci\u00f3n entre las partes<\/strong> en relaci\u00f3n con el cumplimiento o el contenido de las presentes Condiciones Generales, las partes negociar\u00e1n de buena fe para intentar resolver tal discrepancia o reclamaci\u00f3n dentro del plazo m\u00e1ximo de un (1) mes contado a partir de la fecha en que cualquiera de ellas notifique formalmente a la otra que ha surgido la discrepancia o notifique la reclamaci\u00f3n.<\/p>\n<p>Para el supuesto de que la discrepancia o la reclamaci\u00f3n no se resolviera dentro del plazo m\u00e1ximo se\u00f1alado, ambas partes se someten expresamente, y con renuncia a su fuero propio, si este fuese otro, a la decisi\u00f3n del asunto o litigio planteado, a los Juzgados y Tribunales de la ciudad de Lleida, Espa\u00f1a.<\/p>\n<p>&nbsp;<\/p>\n<p>&nbsp;<\/p>\n","protected":false},"excerpt":{"rendered":"<p>Condiciones generales de venta Para cualquier duda, reclamaci\u00f3n o sugerencia, puede contactar con nuestra oficina de Atenci\u00f3n al Cliente a trav\u00e9s del correo electr\u00f3nico newmarkets@rbbertomeu.com Condiciones generales de la venta En cumplimiento de lo establecido por el art\u00edculo 10 de la Ley 34\/2002, de 11 de julio, de servicios de la sociedad de la informaci\u00f3n [&hellip;]<\/p>\n","protected":false},"author":1,"featured_media":0,"parent":0,"menu_order":0,"comment_status":"closed","ping_status":"closed","template":"","meta":{"_et_pb_use_builder":"","_et_pb_old_content":"","_et_gb_content_width":"","footnotes":""},"class_list":["post-249","page","type-page","status-publish","hentry"],"_links":{"self":[{"href":"https:\/\/rbbertomeu.es\/newmarkets\/wp-json\/wp\/v2\/pages\/249","targetHints":{"allow":["GET"]}}],"collection":[{"href":"https:\/\/rbbertomeu.es\/newmarkets\/wp-json\/wp\/v2\/pages"}],"about":[{"href":"https:\/\/rbbertomeu.es\/newmarkets\/wp-json\/wp\/v2\/types\/page"}],"author":[{"embeddable":true,"href":"https:\/\/rbbertomeu.es\/newmarkets\/wp-json\/wp\/v2\/users\/1"}],"replies":[{"embeddable":true,"href":"https:\/\/rbbertomeu.es\/newmarkets\/wp-json\/wp\/v2\/comments?post=249"}],"version-history":[{"count":4,"href":"https:\/\/rbbertomeu.es\/newmarkets\/wp-json\/wp\/v2\/pages\/249\/revisions"}],"predecessor-version":[{"id":3158,"href":"https:\/\/rbbertomeu.es\/newmarkets\/wp-json\/wp\/v2\/pages\/249\/revisions\/3158"}],"wp:attachment":[{"href":"https:\/\/rbbertomeu.es\/newmarkets\/wp-json\/wp\/v2\/media?parent=249"}],"curies":[{"name":"wp","href":"https:\/\/api.w.org\/{rel}","templated":true}]}}